 -3*f = -y - 25. Calculate the highest common divisor of 8 and f.
4
Let d(f) = -20*f + 21. Let w be d(-5). Let t(g) = g**3 - 4*g**2 - g. Let u be t(2). Let v = u + 21. What is the highest common factor of w and v?
11
Let v = 17 - -3. Let c be 2/3*(-17 + v). Suppose l - 72 = -3*l. Calculate the greatest common divisor of c and l.
2
Suppose a = 5*a - 340. Let w = 2 + -2. Suppose -4*y + w*v = 2*v - 64, 4*y - 60 = -4*v. What is the greatest common divisor of a and y?
17
Let g(a) = -2*a**3 + 15*a**2 + 8*a + 4. Let i be g(8). What is the highest common divisor of 5 and i?
1
Let c be (-2)/10 + (-56)/(-5). Suppose -3 = -z, 2*z + z + 541 = 5*r. Calculate the highest common divisor of c and r.
11
Let w(y) be the first derivative of -y**4/4 + 4*y**3/3 + y**2/2 + 5*y + 2. Let p be w(4). Calculate the greatest common factor of 18 and p.
9
Let b(n) = n**2 - 5. Let o be b(-4). Suppose l = 2*l. Suppose -2*z + 6 = l, 2*z = -2*m - 0*m + 204. Calculate the greatest common factor of m and o.
11
Suppose -3*u + 128 = -u. Let t(p) = p. Let m(w) = 18*w + 1. Let o(y) = -m(y) + t(y). Let z be o(-1). Calculate the greatest common divisor of u and z.
16
Suppose 4*w - 117 = 23. Let f(p) = p**2 - 7*p + 7. Let s be f(7). What is the highest common factor of w and s?
7
Suppose -3*b = -t + 29, 0 = -4*t + t + 3*b + 75. Suppose -2*s = -s - 3*o - t, 5*s + 2*o = 98. Calculate the highest common factor of s and 160.
20
Let i be (2 + -2 + -1)*-5. What is the greatest common factor of 1 and i?
1
Let h(s) = -5*s**3 - s**2 + 4*s. Let c be h(-2). What is the highest common divisor of c and 42?
14
Let y(m) = m**2 + m - 3. Suppose 4*r = 9*r + 25. Let p = r + 8. Let k be y(p). Calculate the greatest common divisor of 81 and k.
9
Suppose -4*g + 61 = -35. Suppose -50 = -5*p + 5*i, -i + 4*i + g = 2*p. Calculate the greatest common divisor of p and 54.
6
Suppose -3*n = -8*n + 100. What is the highest common divisor of n and 4?
4
Let c be (-1)/4 - 569/(-4). Let n = 329 - c. Calculate the greatest common divisor of n and 17.
17
Suppose q = 2*q + 4*o + 2, -3*q + 5*o = -79. Suppose -3*u = -0*u - 90. Suppose 0 = 5*c - 0 - u. What is the greatest common divisor of c and q?
6
Let l(f) = f**2 - 3*f - 8. Let o be l(6). Let v be (3/2)/((-1)/o). Let q = -3 - v. Calculate the highest common divisor of q and 24.
12
Suppose -2*x + 39 = 9. Suppose 0*b - 3*b + x = 0. Suppose 2 = -r + 22. Calculate the greatest common divisor of r and b.
5
Suppose -2*l = l. Suppose -4*t = -8*t + 16. Suppose l = 5*z - a - 65, -t*a - 63 = -4*z - a. What is the greatest common factor of 84 and z?
12
Let g(s) = -73*s - 2. Let q be g(-2). Let h be (q/(-15))/4*-5. Calculate the greatest common factor of h and 84.
12
Suppose 265 = 4*v - 47. Calculate the highest common divisor of v and 13.
13
Suppose -5*f + 15 = 2*j - 232, -3*j = -4*f + 193. Let r be 14/f + 346/14. Suppose s + r = 6*s. What is the greatest common factor of 55 and s?
5
Let c = 79 + -29. What is the highest common divisor of c and 75?
25
Let j(c) = -c**2 - 12*c - 5. Let l be j(-10). Calculate the highest common factor of l and 5.
5
Let v(t) = t**2 - 5*t - 2. Let i be v(6). Suppose 0 = q - 28. What is the highest common divisor of q and i?
4
Let t be (2/2)/(2/50). Let f = 41 - t. Suppose -7 = -3*n + 41. What is the greatest common factor of f and n?
16
Let v(x) = -2*x + 5*x - 4*x + 2 - x. Let j be v(-9). Let z = 32 - j. Calculate the greatest common divisor of z and 12.
12
Suppose 0 = -0*o - 4*o + 8. Let x be 8 - -1 - 3/(-3). What is the highest common factor of x and o?
2
Let t = -13 - -23. What is the highest common divisor of 110 and t?
10
Let s be ((-4)/(-3))/(2/33). Suppose -4*r - 11 = 3*c - 102, -2*c + 112 = 5*r. What is the greatest common factor of r and s?
22
Suppose g - 2 = -0*g. Let i = 7 - 5. Suppose -g = -i*j - 0*j. What is the greatest common divisor of 2 and j?
1
Suppose 2*d = 8 - 2. Suppose -3*x - 3*i + 677 + 43 = 0, -5*i + 720 = d*x. Calculate the highest common divisor of 30 and x.
30
Let o(t) = -5*t + 11. Let b be o(-3). What is the highest common divisor of b and 26?
26
Let g be ((-108)/90)/(2/(-240)). Calculate the highest common factor of 18 and g.
18
Suppose -5*d = 4*l - 537, 3*d = -2*l + 191 + 80. Calculate the greatest common divisor of l and 32.
32
Let j = -194 + 338. Let r(z) = z**2 + 9*z + 8. Let u be r(-10). What is the greatest common divisor of j and u?
18
Let a(r) = 110*r**2 - 2*r + 2. Let k be a(1). What is the greatest common factor of 10 and k?
10
Let m be 7/(0 + 0 + 1). Let u(i) = 2*i + 1. Let k be u(1). Suppose -k*d + 5*d = 2. Calculate the greatest common divisor of m and d.
1
Let n(r) be the first derivative of -r**3/3 + r**2/2 + 70*r - 1. Suppose -3*k = -0*k. Let j be n(k). Calculate the greatest common divisor of j and 10.
10
Let z = 17 + -16. Let x = z - -4. Suppose -12 = -4*u + 4*g, -2*u + 3*g + 9 = 1. Calculate the greatest common divisor of u and x.
1
Let x be (-2)/(0 - 1) - 0. Suppose x*d - 11 - 1 = 0. Suppose -5*z = 15, z + 2*z - 9 = -t. What is the greatest common divisor of d and t?
6
Suppose 4*j = 5*d - 88, 0*d + 4*j - 92 = -4*d. Calculate the greatest common divisor of 5 and d.
5
Let z = 15 - -7. What is the highest common divisor of z and 154?
22
Suppose 0*h = 2*h. Suppose h*w + 4 = w + 2*r, 5*w = 3*r + 7. Suppose 0 = -w*l + 5*l - 24. What is the highest common divisor of 56 and l?
8
Let b(r) = -r. Let o(q) = q**3 - 6*q**2 - 2*q + 2. Let l be o(6). Let s be b(l). Calculate the greatest common factor of s and 90.
10
Let p be 2/(-9) + 1624/18. Let q(k) = 2*k + 14. Let o = 2 - -9. Let g be q(o). What is the highest common factor of g and p?
18
Let n = 20 + -13. What is the greatest common factor of 14 and n?
7
Let j = -1 + 1. Suppose j*r + 78 = 2*r. Let c = r + 6. What is the highest common divisor of 5 and c?
5
Let v(g) = g - 9. Let o be v(10). Let t be (-4 - (o + -2)) + 16. Calculate the highest common divisor of 91 and t.
13
Let o(m) = 3*m**2 - 4*m + 4. Let j be o(6). Let c = -10 - 3. Let g = 21 + c. Calculate the highest common divisor of j and g.
8
Let f(a) be the first derivative of -a**4/4 + a**3/3 + a**2/2 + 5*a - 2. Let i be f(0). Calculate the greatest common factor of 55 and i.
5
Suppose -5*b + 5 + 31 = 2*s, -6 = b - 4*s. Let d be 46 - (-2)/(2/2). Calculate the greatest common divisor of d and b.
6
Let p(a) = 2*a + 18. Let t be p(-6). What is the highest common divisor of t and 2?
2
Let n(y) = y**3 + y**2 + 2*y - 4. Let a be n(4). Let s be a/5 + (-11)/(-55). Let w be 153/12*(-8)/(-3). Calculate the highest common factor of w and s.
17
Let i(r) = -3*r**2 - 5*r - 2. Let n be i(-3). Let j = n + 86. Suppose -3*a + 27 = -0*a. What is the highest common factor of j and a?
9
Let y(m) be the second derivative of 3*m**5/20 + m**4/12 + m**3/2 - m**2 - 5*m. Let v be y(2). What is the greatest common factor of 48 and v?
16
Let q be (-7)/2*6/(-1). Suppose 0 = 4*m - 7*m + 21. What is the highest common divisor of q and m?
7
Let w(r) = r**3 - 6*r**2 - 8*r + 3. Let l be w(7). Let x = 8 - l. Suppose -2*f - f = -36. What is the greatest common factor of f and x?
12
Suppose -3*o + 291 = 3*x, 3*x - o - 307 = -20. What is the greatest common divisor of 16 and x?
16
Suppose 128 + 548 = 4*x. Calculate the greatest common factor of 13 and x.
13
Let o(p) = 28*p**2 + p. Let x be o(-2). Suppose 2*h = -b + 46, 0*b - 5*h = 4*b - 181. Calculate the greatest common factor of b and x.
22
Let l(k) = 2*k - 1. Let w be l(1). Let x be 46 - ((-1)/w + -1). Let r = -25 - -37. What is the highest common divisor of r and x?
12
Suppose -421 = -12*l + 71. Calculate the highest common divisor of 164 and l.
41
Let i(k) = 3*k + 3. Let r be i(5). Calculate the greatest common divisor of 9 and r.
9
Let i(f) = 3*f - 2 + 5*f**2 + 5 + 2*f. Let d be i(-6). What is the highest common divisor of d and 17?
17
Suppose 0*b - 5*b = 15, -3*y - 15 = b. Let j be (-4)/2 - y*7. Let x = -16 + j. Calculate the greatest common divisor of 50 and x.
10
Let y = -9 - 0. Let i = y - -17. Calculate the greatest common divisor of 64 and i.
8
Let y(f) be the first derivative of -f**4/4 + 14*f**3/3 + f**2 - 18*f + 4. Let s be y(14). What is the greatest common divisor of 90 and s?
10
Suppose 0 = m - 6*m + 200. Suppose 0 = 4*w - 2*w + 3*y + 4, -5*y = -4*w - 8. Let f be 102/10 - w